 Is h(8) a composite number?
True
Let y = 46 - 8. Suppose 3*l + 8 = y. Suppose 6*z + 508 = l*z. Is z a composite number?
False
Suppose -371905 = -5*s - 5*f, 9*f - 10*f = 5*s - 371889. Is s prime?
True
Let l(w) = 463*w**2 + w. Let g be l(3). Suppose 3678 = 3*h - g. Suppose h + 527 = 7*r. Is r composite?
False
Let a = 3514 + -1254. Suppose -a = -11*q + 6*q. Is 1*-3 - q/(-1)*1 composite?
False
Let y(k) = -862*k + 531. Is y(-55) a prime number?
False
Suppose 17 = -f + 38. Let v(g) = 267*g + 266. Is v(f) a composite number?
True
Let f be -2*((-31)/10 - 27/(-45)). Suppose -4*y - 3*q + q + 8 = 0, 3*y = f*q + 19. Suppose -3*i - y*i + 14622 = 0. Is i prime?
True
Let d = -36 - -36. Suppose -4*u + d*u = -r + 242, -5*r = -3*u - 1244. Let q = r + -144. Is q a prime number?
False
Suppose 217*h - 167568 = 213*h. Is (3/9*-1)/((-4)/h) composite?
False
Let x = 554 + -266. Let o = x - -91. Is o a composite number?
False
Let i = 81185 - -23060. Is i composite?
True
Let r(q) = 85*q**2 - 28*q - 367. Is r(-8) prime?
True
Suppose -9*j + 207961 = 4*j. Let c = j - -754. Is c prime?
False
Let f = -215182 - -421881. Is f composite?
False
Suppose 5*m - 4*v = 2 + 5, -m - 2*v + 7 = 0. Suppose -86048 = 2*l + 2*j, -m*l + j - 169686 + 40594 = 0. Is (-4)/10 - l/35 a prime number?
True
Let z(a) = a + 9. Let i be z(-9). Suppose -x - 3 + 5 = i. Suppose 3124 = x*u + 2*u. Is u a composite number?
True
Let l be ((40/4)/1)/2. Suppose l*o - 9990 = -o. Let y = o + -1184. Is y a prime number?
False
Let n be 2/(-1) + 12/6 + 2. Let v(c) = 103*c**3 + 6*c**2 - 7*c + 5. Is v(n) prime?
True
Let f(d) = 7402*d**2 + 2*d + 7. Let b(y) = y + 1. Let h(p) = -4*b(p) + f(p). Is h(1) composite?
True
Suppose -3*t = -301 - 161. Let o(a) = 5 + t*a**2 + 21*a - 105*a**2 + 2. Is o(5) prime?
False
Is (-1)/5 + (-546)/(-130) - -104653 prime?
False
Let q = -591431 - -1186084. Is q composite?
False
Suppose -z - 2*p = -84169, -37*z + p = -41*z + 336655. Is z prime?
True
Let n(t) = -2*t**3 - t**2 - 2*t + 13. Let c(i) be the third derivative of -i**5/60 + 3*i**4/8 - 7*i**3/3 + 4*i**2. Let f be c(7). Is n(f) composite?
False
Suppose -c = k - 1092639, -5*k = -57*c + 55*c - 5463160. Is k a composite number?
True
Let q = 267 - 266. Let y(b) = 1273*b**3. Is y(q) a prime number?
False
Suppose 5*f = -39 + 14, -3*c + 75 = -3*f. Suppose 0*z = -5*z - c. Is 339 - 1/(z/8) prime?
False
Let s(b) = -56*b + 23. Let v be s(16). Is (v/(-6))/((-75)/(-1150)) composite?
True
Let r(x) = x**3 - x**2 + 2*x. Let g be r(0). Is 8009*(g + -1)/(-1 + 0) composite?
False
Let p(t) be the first derivative of 3425*t**2/2 + 49*t + 57. Is p(2) a prime number?
True
Suppose 7*a - 72284 + 168097 = 987186. Is a prime?
False
Suppose 129*i - 121*i - 65176 = 0. Is i prime?
True
Let u = 2454174 - 1602361. Is u composite?
False
Let v = 10507 - -156874. Is v a composite number?
False
Let f(y) = 747*y - 169. Let q be f(15). Let a = q + 2793. Is a a prime number?
True
Let o(f) = -3*f**2 + 21*f - 13. Let x be o(6). Suppose 4*j - 13076 = -x*n - 2291, 3*n = -j + 6464. Is n a composite number?
False
Let h(n) = 16*n**2 + n + 11. Let a be (-5)/((-13)/4 + 3). Let l be ((-27)/(-45))/(2/a). Is h(l) composite?
False
Let d(l) = 2544*l**2 + 2*l + 66. Let t(r) = 848*r**2 + r + 22. Let n(a) = 6*d(a) - 17*t(a). Suppose 3262*y - 3252*y - 30 = 0. Is n(y) prime?
True
Suppose -16*h - 119 = 409. Let s(r) = r**3 + 35*r**2 + 29*r + 38. Is s(h) a prime number?
True
Suppose -256 = -6*b + 22*b. Let i = b + 22. Is 1 + i/3 + 2356 a prime number?
False
Let m = 695 + -254. Let w be (150/4)/(6*5/200). Let b = m - w. Is b composite?
False
Let l be (-21)/(-1 + 420/423). Suppose -7*j + 10*j = l. Suppose h = -358 + j. Is h a composite number?
True
Let t(w) = 245*w - 17. Let p be (10/(-35) + (-4)/(-14))/(-1). Suppose p = 5*x - 9 - 31. Is t(x) a composite number?
True
Let s(c) = -2*c + 59. Let h(j) = -j**3 - 2*j**2 - 6*j + 2. Let b be h(-3). Let m be s(b). Is (6 - (-4 - 1813))*(2 - m) a prime number?
True
Let y(g) be the second derivative of -1048*g**3/3 - 91*g**2/2 + 184*g. Is y(-3) a prime number?
True
Let b be 1/2*(4 + (3 - 9)). Is 32787/21 - b/(21/(-6)) a prime number?
False
Let p(c) be the third derivative of c**4/8 - 2*c**3 + 16*c**2. Let t be p(4). Suppose 5*h + 336 - 60 = 3*m, -5*m - 5*h + 420 = t. Is m a prime number?
False
Let k = -124 - -129. Suppose -z - w = -5, -k*z - 4*w - 10 + 33 = 0. Suppose 6 = 4*q - q, -2*r = -z*q - 1552. Is r a composite number?
True
Let f(b) = 5233*b**2 + b - 8. Let k(l) = -5232*l**2 + 7. Let i(d) = -2*f(d) - 3*k(d). Is i(-1) a prime number?
True
Let o be -2 + 1 + -1 + 2. Suppose -4*v + 3317 - 481 = o. Is (v/(-1))/(-6 - -5) a prime number?
True
Let t(h) = h**3 + 28*h**2 + 58*h - 18. Let d = -81 + 56. Is t(d) a composite number?
True
Suppose -267623100 = 4*v - 184*v. Is v a composite number?
True
Let r = 35921 - -171722. Is r prime?
True
Suppose -55*n + 5388549 = -6009046. Is n composite?
True
Let d(l) = 6*l**2 - 11*l + 42. Let a be 11 + -12 + (-13 - -1). Is d(a) a prime number?
False
Let x(n) = 881030*n**2 - 160*n + 161. Is x(1) prime?
False
Suppose -3*v + 159 + 50 = -2*m, -4*v - 322 = 3*m. Let l = m - -106. Let w(g) = g**3 - g**2 - 6*g + 767. Is w(l) prime?
False
Let a(i) = -i**3 + 15*i**2 - 15*i + 18. Let u be a(14). Suppose 4*y - u*v = 20, -2*y - v - 14 = 3*v. Is (563 - y) + 0 - -3 prime?
False
Suppose -4*r + 5*r + 16 = 0. Let q(u) = u**2 + 15*u - 8. Let i be q(r). Is (-2 + 0)/(i/(-596)) a composite number?
False
Suppose 495534 - 2048783 = -5*x + 4*q, 6 = -q. Is x prime?
False
Let r(o) = o**3 + 16*o**2 - 19*o + 46. Let l be r(19). Suppose 0 = -d + 3, 5*d + l = -4*t + 9*t. Is t a prime number?
True
Suppose -112*k + 104*k + 24 = 0. Suppose 0 = 3*x - h - 29225, k*x + h - 9747 = 2*x. Is x composite?
False
Let l(x) = 10132*x**2 + 720*x + 3. Is l(-5) a composite number?
False
Suppose -5*y - 272 + 1027 = 0. Suppose 857 = 3*p - y. Let q = p - -155. Is q composite?
False
Let r be (-4)/((-48)/(-10149)) + 5/(-20). Is r/(-16) - 16/(-128) a composite number?
False
Let h(t) = 26*t**3 - t**2 - 2*t - 1. Let v(k) = -k**3 - 6*k**2 - 6*k + 10. Suppose 23 - 3 = -5*z. Let s be v(z). Is h(s) a prime number?
True
Suppose 5*y = 5*g - 86225, 4*y - 68980 = 342*g - 346*g. Is g composite?
True
Let f(p) = -1809*p - 32. Let j be f(-6). Suppose -3*m + j = -28667. Is m composite?
False
Is -137996*(-3)/3*(-2)/(-8) a prime number?
True
Let t(o) = -o**3 - 15*o**2 + 9*o - 3. Let u be (-2)/(-6)*-4 - 893/57. Is t(u) prime?
False
Suppose 0 = -2*c - 8*a + 6*a - 148, 0 = 2*c + 5*a + 157. Let i = c + 75. Suppose -i*f + 5978 = -1314. Is f composite?
False
Is 2164/(-32)*(-1290 + -14) prime?
False
Suppose 2*c - 3407775 = -5*g, c + 24*g - 2456749 = -752840. Is c a composite number?
True
Let s be (-23 - 1)/(-6)*(-1)/(-2). Suppose 2*x = 4*m + 8810, -s*m - 17604 = -4*x + 2*m. Is x a prime number?
True
Let x = -1557737 - -2319546. Is x prime?
True
Let n = -111678 + 474685. Is n a prime number?
False
Suppose 0 = 5*n - 8*n + 18. Suppose 3*q - 8 = -2, -2*a + q = -n. Suppose a*l - 3623 = -4*m - l, 0 = 4*m - 5*l - 3633. Is m composite?
False
Let g be (5 - 3) + -4 - -5. Suppose 1211 + 268 = g*d. Is d prime?
False
Suppose -2*l + 5*u + 146 = 0, -5*l + 63 = -4*l - 5*u. Let c = -47 + l. Is 5342/4 - c/(-24) a composite number?
True
Let n(x) = 3445*x**2 + 13*x + 27. Let l be n(-5). Suppose 0 = 10*b - 41*b + l. Is b a composite number?
False
Let w = 766 - 383. Let o be w + 0 + (6 - 10). Let t = 280 + o. Is t a composite number?
False
Let k = 128596 + 1777. Is k a composite number?
True
Let q be -4 - -14283*(4 - 5). Let t be -3*q/(-49) + 4/(-14). Let j = 1344 + t. Is j a prime number?
False
Let k(l) = 4*l**2 - 8*l - 1. Let h = -101 + 183. Suppose -g + 5 = 0, 12 - h = -5*r - 2*g. Is k(r) a composite number?
False
Let f be (3223/33)/((-1)/(-3)). Suppose -f*l - 63174 = -299*l. Is l composite?
False
Let f be (-40)/(-10) + 14*-1. Let s be ((-355)/f)/((-1)/(-10)). Let n = 618 - s. Is n a prime number?
True
Is (-1 - -6 - (-2888)/(-95))/((-3)/4755) composite?
True
Suppose 2*t - 312 = -4*s, s + t - 80 = -0*t. Let i = s - -255. Is i a prime number?
True
Suppose 66*v + 726064 = 82*v. Is v prime?
False
Let y = 68139 - 38939. Suppose 0 = -5*n + y + 5535. Is n prime?
True
Suppose 5*g - 3*z + 67443 = 0, -22 = 4*z - 6. Is (8/6)/(-2)*